is divided by 30393.
11
What is the remainder when 1657482 is divided by 510?
492
Calculate the remainder when 1243909 is divided by 881.
818
What is the remainder when 461463 is divided by 1479?
15
Calculate the remainder when 453423 is divided by 1209.
48
Calculate the remainder when 3299500 is divided by 1202.
10
What is the remainder when 175538 is divided by 6750?
38
What is the remainder when 94922563 is divided by 3016?
3011
What is the remainder when 7174416 is divided by 7306?
7230
What is the remainder when 127491 is divided by 85?
76
Calculate the remainder when 37221 is divided by 436.
161
Calculate the remainder when 31756041 is divided by 83789.
10
What is the remainder when 6950849 is divided by 4347?
4343
What is the remainder when 13059369 is divided by 25?
19
Calculate the remainder when 8111495 is divided by 329.
0
Calculate the remainder when 49106 is divided by 2119.
369
What is the remainder when 62624 is divided by 31210?
204
What is the remainder when 546260 is divided by 554?
16
What is the remainder when 57512 is divided by 7185?
32
What is the remainder when 323652676 is divided by 217?
214
What is the remainder when 797461124 is divided by 219?
218
Calculate the remainder when 59470648 is divided by 1903.
1898
What is the remainder when 424451 is divided by 14137?
341
What is the remainder when 372497 is divided by 83?
76
Calculate the remainder when 4489303 is divided by 2799.
2506
Calculate the remainder when 11002529 is divided by 772.
757
What is the remainder when 849434 is divided by 18362?
4782
What is the remainder when 13955378 is divided by 1025?
3
Calculate the remainder when 82707 is divided by 81277.
1430
Calculate the remainder when 225183 is divided by 7071.
5982
Calculate the remainder when 495105 is divided by 4599.
3012
Calculate the remainder when 144627 is divided by 44820.
10167
What is the remainder when 3455722 is divided by 863897?
134
What is the remainder when 12982572 is divided by 705?
702
What is the remainder when 12005420 is divided by 1845?
5
Calculate the remainder when 431641 is divided by 6542.
6411
What is the remainder when 903014 is divided by 125?
14
Calculate the remainder when 12410909 is divided by 3102698.
117
Calculate the remainder when 6692984 is divided by 1586.
64
What is the remainder when 5691642 is divided by 316201?
24
What is the remainder when 444139 is divided by 876?
7
What is the remainder when 12148488 is divided by 1453?
1408
Calculate the remainder when 12009404 is divided by 1937.
4
Calculate the remainder when 1307320877 is divided by 114.
113
What is the remainder when 935314 is divided by 37412?
14
Calculate the remainder when 17226020 is divided by 7371.
7364
Calculate the remainder when 370655710 is divided by 84.
82
What is the remainder when 572115858 is divided by 573?
570
Calculate the remainder when 1379072 is divided by 38.
14
What is the remainder when 6034317 is divided by 2320?
2317
What is the remainder when 400097 is divided by 28557?
299
Calculate the remainder when 139806 is divided by 921.
735
What is the remainder when 283858 is divided by 141858?
142
What is the remainder when 131372 is divided by 4421?
3163
Calculate the remainder when 70035 is divided by 9316.
4823
What is the remainder when 9219278 is divided by 107?
51
Calculate the remainder when 58739079 is divided by 680.
679
What is the remainder when 493333 is divided by 432?
421
What is the remainder when 682787 is divided by 2069?
17
Calculate the remainder when 118630 is divided by 117438.
1192
What is the remainder when 1820651 is divided by 1459?
1278
Calculate the remainder when 7393085 is divided by 3964.
225
Calculate the remainder when 437400 is divided by 972.
0
What is the remainder when 874219 is divided by 5209?
4316
What is the remainder when 33895 is divided by 33617?
278
Calculate the remainder when 4855720 is divided by 9810.
9580
Calculate the remainder when 32775199 is divided by 14.
9
Calculate the remainder when 242894 is divided by 39385.
6584
What is the remainder when 11745064 is divided by 3915000?
64
Calculate the remainder when 290750149 is divided by 616.
613
What is the remainder when 160894 is divided by 7589?
1525
What is the remainder when 18471561 is divided by 6157183?
12
What is the remainder when 52965751 is divided by 4?
3
What is the remainder when 85027639 is divided by 23?
20
What is the remainder when 42735 is divided by 41352?
1383
What is the remainder when 229515 is divided by 419?
322
What is the remainder when 361184 is divided by 385?
54
What is the remainder when 3094462 is divided by 5409?
514
What is the remainder when 13196168 is divided by 130?
128
Calculate the remainder when 16265752 is divided by 111409.
38
Calculate the remainder when 619502 is divided by 100.
2
What is the remainder when 58870 is divided by 29290?
290
Calculate the remainder when 28651 is divided by 25272.
3379
Calculate the remainder when 81709 is divided by 81640.
69
What is the remainder when 5485 is divided by 3042?
2443
What is the remainder when 8473353 is divided by 565?
48
Calculate the remainder when 14634368 is divided by 578.
564
What is the remainder when 133004 is divided by 2423?
2162
What is the remainder when 121733 is divided by 40541?
110
Calculate the remainder when 8398637 is divided by 807.
188
Calculate the remainder when 4024952 is divided by 391.
389
What is the remainder when 36559 is divided by 4848?
2623
What is the remainder when 17514 is divided by 17461?
53
What is the remainder when 1307900 is divided by 28?
20
What is the remainder when 157175 is divided by 555?
110
What is the remainder when 518958 is divided by 259454?
50
What is the remainder when 1808976 is divided by 64606?
8
Calculate the remainder when 782963 is divided by 4193.
3065
Calculate the remainder when 152600 is divided by 243.
239
Calculate the remainder when 95549 is divided by 23853.
137
Calculate the remainder when 4701 is divided by 93.
51
What is the remainder when 6568749 is divided by 245?
54
What is the remainder when 365881 is divided by 997?
979
Calculate the remainder when 31411 is divided by 6277.
26
Calculate the remainder when 2919878 is divided by 972.
962
Calculate the remainder when 478007 is divided by 1825.
1682
What is the remainder when 65410 is divided by 8538?
5644
Calculate the remainder when 7292747 is divided by 379.
29
Calculate the remainder when 4959588 is divided by 2479787.
14
Calculate the remainder when 348469 is divided by 43162.
3173
What is the remainder when 16631765 is divided by 529?
5
What is the remainder when 88122 is divided by 1693?
86
Calculate the remainder when 1424513 is divided by 545.
428
What is the remainder when 1002450 is divided by 987?
645
What is the remainder when 472259 is divided by 42?
11
What is the remainder when 90082 is divided by 11232?
226
What is the remainder when 73372733 is divided by 291?
284
Calculate the remainder when 3522075 is divided by 2109.
45
What is the remainder when 3345026 is divided by 1558?
0
What is the remainder when 46091782 is divided by 179?
177
Calculate the remainder when 117365 is divided by 2391.
206
Calculate the remainder when 2929602 is divided by 1294.
1280
What is the remainder when 15977 is divided by 978?
329
Calculate the remainder when 200222002 is divided by 557.
554
What is the remainder when 4861353 is divided by 1215336?
9
Calculate the remainder when 142055 is divided by 3229.
3208
What is the remainder when 18246646 is divided by 5623?
11
What is the remainder when 3789464 is divided by 140349?
41
Calculate the remainder when 599141 is divided by 440.
301
Calculate the remainder when 190817712 is divided by 3223.
3220
What is the remainder when 5654870 is divided by 3305?
15
What is the remainder when 26175459 is divided by 26?
11
What is the remainder when 2163119 is divided by 120170?
59
What is the remainder when 15872281 is divided by 22970?
11
What is the remainder when 1547188 is divided by 773586?
16
What is the remainder when 845517 is divided by 826?
519
What is the remainder when 2286474 is divided by 442?
8
Calculate the remainder when 1592784 is divided by 106158.
414
Calculate the remainder when 1421422 is divided by 51.
1
What 